ainder when 177529 is divided by 8433?
436
What is the remainder when 22461 is divided by 3273?
2823
Calculate the remainder when 20479116 is divided by 86.
22
Calculate the remainder when 2030375 is divided by 540.
515
Calculate the remainder when 8429779 is divided by 3029.
72
Calculate the remainder when 59960 is divided by 14237.
3012
Calculate the remainder when 4169033 is divided by 1392.
1385
What is the remainder when 4035914 is divided by 152?
10
Calculate the remainder when 395409 is divided by 24705.
129
Calculate the remainder when 637917 is divided by 1003.
9
What is the remainder when 143661 is divided by 2111?
113
Calculate the remainder when 24103913 is divided by 763.
743
Calculate the remainder when 440628 is divided by 146558.
954
Calculate the remainder when 102056 is divided by 14525.
381
Calculate the remainder when 99266 is divided by 874.
504
Calculate the remainder when 20314 is divided by 2512.
218
Calculate the remainder when 436268 is divided by 435650.
618
Calculate the remainder when 1648231 is divided by 15549.
37
What is the remainder when 3472504 is divided by 124018?
0
Calculate the remainder when 307281 is divided by 2196.
2037
Calculate the remainder when 96729 is divided by 12090.
9
What is the remainder when 32889963 is divided by 34915?
33
What is the remainder when 17687902 is divided by 59?
56
Calculate the remainder when 7231018 is divided by 30.
28
What is the remainder when 1787561 is divided by 24?
17
Calculate the remainder when 671147 is divided by 71.
55
Calculate the remainder when 402131 is divided by 100467.
263
What is the remainder when 1778025452 is divided by 3173?
3172
What is the remainder when 355598 is divided by 10153?
243
What is the remainder when 1698420 is divided by 526?
492
Calculate the remainder when 47463 is divided by 6387.
2754
Calculate the remainder when 16007923 is divided by 3938.
3891
Calculate the remainder when 147827762 is divided by 295.
17
What is the remainder when 137392159 is divided by 204?
199
Calculate the remainder when 49927 is divided by 16093.
1648
Calculate the remainder when 29080319 is divided by 58.
47
What is the remainder when 2006289 is divided by 6470?
589
What is the remainder when 77078397 is divided by 465?
462
Calculate the remainder when 399144 is divided by 28465.
634
Calculate the remainder when 178117 is divided by 6430.
4507
What is the remainder when 66767034 is divided by 33383507?
20
Calculate the remainder when 23195 is divided by 4720.
4315
Calculate the remainder when 7969 is divided by 6357.
1612
Calculate the remainder when 368729 is divided by 17.
16
Calculate the remainder when 89075 is divided by 564.
527
What is the remainder when 261075 is divided by 52151?
320
What is the remainder when 880787 is divided by 880752?
35
Calculate the remainder when 4890321 is divided by 61.
12
Calculate the remainder when 462847 is divided by 2571.
67
What is the remainder when 22674679 is divided by 146?
3
What is the remainder when 438491 is divided by 218933?
625
What is the remainder when 17370788 is divided by 560348?
0
Calculate the remainder when 4457861 is divided by 3390.
11
What is the remainder when 170594 is divided by 3790?
44
Calculate the remainder when 3417188 is divided by 1156.
52
Calculate the remainder when 3178416 is divided by 268.
204
What is the remainder when 209788 is divided by 104707?
374
What is the remainder when 88833394 is divided by 28?
6
Calculate the remainder when 75954 is divided by 3629.
3374
Calculate the remainder when 1255969 is divided by 601.
480
What is the remainder when 223352 is divided by 111588?
176
What is the remainder when 713061063 is divided by 97?
95
What is the remainder when 89810669 is divided by 8031?
8027
Calculate the remainder when 262729919 is divided by 24.
23
What is the remainder when 13285829 is divided by 147?
116
Calculate the remainder when 238820 is divided by 411.
29
What is the remainder when 876537 is divided by 25042?
67
What is the remainder when 784028 is divided by 156795?
53
What is the remainder when 100013 is divided by 3114?
365
What is the remainder when 273056 is divided by 136494?
68
What is the remainder when 34522 is divided by 10943?
1693
Calculate the remainder when 420002 is divided by 83731.
1347
What is the remainder when 1334856 is divided by 5986?
5964
What is the remainder when 533920 is divided by 644?
44
What is the remainder when 6168 is divided by 1868?
564
Calculate the remainder when 6401050 is divided by 31073.
12
What is the remainder when 13657337 is divided by 542?
21
What is the remainder when 2798405 is divided by 399757?
106
What is the remainder when 98402 is divided by 1650?
1052
What is the remainder when 142487 is divided by 2226?
23
What is the remainder when 123234 is divided by 607?
13
Calculate the remainder when 38504149 is divided by 2139.
10
What is the remainder when 470857 is divided by 66?
13
What is the remainder when 860200 is divided by 54?
34
What is the remainder when 84773 is divided by 3534?
3491
What is the remainder when 193293 is divided by 6235?
8
What is the remainder when 129954 is divided by 24627?
6819
What is the remainder when 20818639 is divided by 159?
133
Calculate the remainder when 820203 is divided by 2859.
2529
Calculate the remainder when 386000 is divided by 942.
722
What is the remainder when 41195553 is divided by 1411?
1408
Calculate the remainder when 26988504 is divided by 449808.
24
What is the remainder when 17697676 is divided by 364?
360
What is the remainder when 673762 is divided by 2994?
112
Calculate the remainder when 5509492 is divided by 3487.
32
What is the remainder when 178986 is divided by 178980?
6
Calculate the remainder when 148293295 is divided by 1291.
1289
What is the remainder when 11307 is divided by 9018?
2289
Calculate the remainder when 65568 is divided by 471.
99
What is the remainder when 10021456 is divided by 4818?
16
Calculate the remainder when 4582253 is divided by 193.
47
What is the remainder when 14373007 is divided by 2432?
2319
What is the remainder when 543666265 is divided by 3141?
3139
Calculate the remainder when 2445695 is divided by 4321.
9
What is the remainder when 1749880 is divided by 481?
2
Calculate the remainder when 228134 is divided by 227.
226
What is the remainder when 1045179 is divided by 304?
27
What is the remainder when 1552726 is divided by 221768?
350
What is the remainder when 23990323 is divided by 904?
875
Calculate the remainder when 154210 is divided by 266.
196
Calculate the remainder when 149199 is divided by 24863.
21
Calculate the remainder when 50887 is divided by 7107.
1138
What is the remainder when 4347261 is divided by 893?
137
What is the remainder when 377004 is divided by 188412?
180
Calculate the remainder when 209545 is divided by 609.
49
What is the remainder when 201996 is divided by 18361?
25
Calculate the remainder when 27027037 is divided by 6756759.
1
What is the remainder when 478429 is divided by 79704?
205
What is the remainder when 3164129 is divided by 44?
1
Calculate the remainder when 4219832 is divided by 7339.
7246
Calculate the remainder when 527744 is divided by 6066.
2
Calculate the remainder when 1965091 is divided by 51.
10
Calculate the remainder when 920503 is divided by 460196.
111
Calculate the remainder when 3112565 is divided by 7536.
197
What is the remainder when 125161 is divided by 10?
1
What is the remainder when 22070909 is divided by 5517722?
21
Calculate the remainder when 57937714 is divided by 15.
4
Calculate the remainder when 41531745 is divided by 3747.
3744
What is the remainder when 18988350 is divided by 32?
30
Calculate the remainder when 417124 is divided by 16684.
24
What is the remainder when 341623 is divided by 31056?
7
What is the remainder when 5629 is divided by 1322?
341
Calculate the remainder when 258626 is divided by 7177.
254
Calculate the remainder when 358710 is divided by 6396.
534
Calculate the remainder when 20587920 is divided by 1755.
15
Calculate the remainder when 19124991 is divided by 612.
603
What is the remainder when 448154 is divided by 11793?
20
Calculate the remainder when 2802798 is divided by 592.
270
Calculate the remainder when 2296